{"id":178,"date":"2019-08-19T11:51:36","date_gmt":"2019-08-19T14:51:36","guid":{"rendered":"https:\/\/monitor-electronico.com\/?page_id=178"},"modified":"2019-10-15T12:09:11","modified_gmt":"2019-10-15T15:09:11","slug":"cercos-electricos-2","status":"publish","type":"page","link":"https:\/\/monitor-electronico.com\/index.php\/cercos-electricos-2\/","title":{"rendered":"Cercos electricos"},"content":{"rendered":"\n<figure class=\"wp-block-image\"><img loading=\"lazy\" decoding=\"async\" width=\"1024\" height=\"280\" src=\"https:\/\/monitor-electronico.com\/wp-content\/uploads\/2019\/08\/Dise\u00f1o-sin-t\u00edtulo-1024x280.png\" alt=\"\" class=\"wp-image-242\" srcset=\"https:\/\/monitor-electronico.com\/wp-content\/uploads\/2019\/08\/Dise\u00f1o-sin-t\u00edtulo-1024x280.png 1024w, https:\/\/monitor-electronico.com\/wp-content\/uploads\/2019\/08\/Dise\u00f1o-sin-t\u00edtulo-300x82.png 300w, https:\/\/monitor-electronico.com\/wp-content\/uploads\/2019\/08\/Dise\u00f1o-sin-t\u00edtulo-768x210.png 768w, https:\/\/monitor-electronico.com\/wp-content\/uploads\/2019\/08\/Dise\u00f1o-sin-t\u00edtulo.png 1821w\" sizes=\"auto, (max-width: 1024px) 100vw, 1024px\" \/><\/figure>\n\n\n\n<p>El per\u00edmetro de su casa asegurado y protegido por nuestros cercos el\u00e9ctricos.<br><br> Los cercos el\u00e9ctricos funcionan con una central o energizador inteligente de seguridad perimetral que <strong>monitorea<\/strong> constantemente el estado de un circuito cerrado o cerco el\u00e9ctrico. Ante la m\u00e1s m\u00ednima descarga a tierra o interrupci\u00f3n del circuito cerrado por corte de alguno de los alambres o hilos del cerco el\u00e9ctrico, la central dispara una serie de acciones, las cuales depender\u00e1n de las funciones que hayan sido programadas. <br><br><\/p>\n\n\n\n<figure class=\"wp-block-image\"><img loading=\"lazy\" decoding=\"async\" width=\"1024\" height=\"724\" src=\"https:\/\/monitor-electronico.com\/wp-content\/uploads\/2019\/08\/Dise\u00f1o-sin-t\u00edtulo-1-1024x724.png\" alt=\"\" class=\"wp-image-243\" srcset=\"https:\/\/monitor-electronico.com\/wp-content\/uploads\/2019\/08\/Dise\u00f1o-sin-t\u00edtulo-1-1024x724.png 1024w, https:\/\/monitor-electronico.com\/wp-content\/uploads\/2019\/08\/Dise\u00f1o-sin-t\u00edtulo-1-300x212.png 300w, https:\/\/monitor-electronico.com\/wp-content\/uploads\/2019\/08\/Dise\u00f1o-sin-t\u00edtulo-1-768x543.png 768w\" sizes=\"auto, (max-width: 1024px) 100vw, 1024px\" \/><\/figure>\n\n\n\n<p>En simult\u00e1neo se activa una&nbsp;&nbsp;<strong>alarma sonora<\/strong>, que puede estar acompa\u00f1ada del encendido de luces; conjuntamente con la generaci\u00f3n de una&nbsp;<strong>descarga el\u00e9ctrica controlada<\/strong>&nbsp;de impulsos peri\u00f3dicos de alta tensi\u00f3n y baja corriente.<\/p>\n\n\n\n<p>Es importante considerar que la descarga el\u00e9ctrica&nbsp;<strong><em>no mata ni provoca da\u00f1os permanentes<\/em><\/strong>&nbsp;a la persona que est\u00e1 intentando traspasar el cerco el\u00e9ctrico; sea expresa o accidentalmente quien recibiera una descarga. Est\u00e1 cient\u00edficamente comprobado y expresado en la norma IEC 479-2, cu\u00e1l es el m\u00e1ximo de energ\u00eda que puede soportar el ser humano, y los sistemas instalados por STOP entregan menos de un 20% de la energ\u00eda autorizada por dicha norma.<\/p>\n\n\n\n<p class=\"has-medium-font-size\">Solicit\u00e1 un asesor y proteg\u00e9 lo que mas te importa<\/p>\n\n\n\n<div class=\"wpcf7 no-js\" id=\"wpcf7-f212-o1\" lang=\"es-AR\" dir=\"ltr\" data-wpcf7-id=\"212\">\n<div class=\"screen-reader-response\"><p role=\"status\" aria-live=\"polite\" aria-atomic=\"true\"><\/p> <ul><\/ul><\/div>\n<form action=\"\/index.php\/wp-json\/wp\/v2\/pages\/178#wpcf7-f212-o1\" method=\"post\" class=\"wpcf7-form init\" aria-label=\"Formulario de contacto\" novalidate=\"novalidate\" data-status=\"init\">\n<fieldset class=\"hidden-fields-container\"><input type=\"hidden\" name=\"_wpcf7\" value=\"212\" \/><input type=\"hidden\" name=\"_wpcf7_version\" value=\"6.1.2\" \/><input type=\"hidden\" name=\"_wpcf7_locale\" value=\"es_AR\" \/><input type=\"hidden\" name=\"_wpcf7_unit_tag\" value=\"wpcf7-f212-o1\" \/><input type=\"hidden\" name=\"_wpcf7_container_post\" value=\"0\" \/><input type=\"hidden\" name=\"_wpcf7_posted_data_hash\" value=\"\" \/>\n<\/fieldset>\n<p><label> Nombre y apellido (obligatorio)<br \/>\n<span class=\"wpcf7-form-control-wrap\" data-name=\"your-name\"><input size=\"40\" maxlength=\"400\" class=\"wpcf7-form-control wpcf7-text wpcf7-validates-as-required\" aria-required=\"true\" aria-invalid=\"false\" value=\"\" type=\"text\" name=\"your-name\" \/><\/span> <\/label>\n<\/p>\n<p><label> Numero de telefono<br \/>\n<span class=\"wpcf7-form-control-wrap\" data-name=\"number-141\"><input class=\"wpcf7-form-control wpcf7-number wpcf7-validates-as-required wpcf7-validates-as-number\" aria-required=\"true\" aria-invalid=\"false\" value=\"\" type=\"number\" name=\"number-141\" \/><\/span> <\/label>\n<\/p>\n<p><label> Correo electr\u00f3nico<br \/>\n<span class=\"wpcf7-form-control-wrap\" data-name=\"email-556\"><input size=\"40\" maxlength=\"400\" class=\"wpcf7-form-control wpcf7-email wpcf7-text wpcf7-validates-as-email\" aria-invalid=\"false\" value=\"\" type=\"email\" name=\"email-556\" \/><\/span> <\/label>\n<\/p>\n<p> Tipo de propiedad que desea proteger <span class=\"wpcf7-form-control-wrap\" data-name=\"radio-38\"><span class=\"wpcf7-form-control wpcf7-radio\"><span class=\"wpcf7-list-item first\"><input type=\"radio\" name=\"radio-38\" value=\"Casa familiar\" checked=\"checked\" \/><span class=\"wpcf7-list-item-label\">Casa familiar<\/span><\/span><span class=\"wpcf7-list-item\"><input type=\"radio\" name=\"radio-38\" value=\"Casa de descanso\" \/><span class=\"wpcf7-list-item-label\">Casa de descanso<\/span><\/span><span class=\"wpcf7-list-item\"><input type=\"radio\" name=\"radio-38\" value=\"Negocio\" \/><span class=\"wpcf7-list-item-label\">Negocio<\/span><\/span><span class=\"wpcf7-list-item last\"><input type=\"radio\" name=\"radio-38\" value=\"Todos\" \/><span class=\"wpcf7-list-item-label\">Todos<\/span><\/span><\/span><\/span>\n<\/p>\n<p><input class=\"wpcf7-form-control wpcf7-submit has-spinner\" type=\"submit\" value=\"Enviar\" \/>\n<\/p><p style=\"display: none !important;\" class=\"akismet-fields-container\" data-prefix=\"_wpcf7_ak_\"><label>&#916;<textarea name=\"_wpcf7_ak_hp_textarea\" cols=\"45\" rows=\"8\" maxlength=\"100\"><\/textarea><\/label><input type=\"hidden\" id=\"ak_js_1\" name=\"_wpcf7_ak_js\" value=\"171\"\/><script>document.getElementById( \"ak_js_1\" ).setAttribute( \"value\", ( new Date() ).getTime() );<\/script><\/p><div class=\"wpcf7-response-output\" aria-hidden=\"true\"><\/div>\n<\/form>\n<\/div>\n\n","protected":false},"excerpt":{"rendered":"<p>El per\u00edmetro de su casa asegurado y protegido por nuestros cercos el\u00e9ctricos. Los cercos el\u00e9ctricos funcionan con una central o energizador [&hellip;]<\/p>\n","protected":false},"author":1,"featured_media":116,"parent":0,"menu_order":0,"comment_status":"closed","ping_status":"closed","template":"template-fullwide.php","meta":{"footnotes":""},"class_list":["post-178","page","type-page","status-publish","has-post-thumbnail","hentry"],"_hostinger_reach_plugin_has_subscription_block":false,"_hostinger_reach_plugin_is_elementor":false,"_links":{"self":[{"href":"https:\/\/monitor-electronico.com\/index.php\/wp-json\/wp\/v2\/pages\/178","targetHints":{"allow":["GET"]}}],"collection":[{"href":"https:\/\/monitor-electronico.com\/index.php\/wp-json\/wp\/v2\/pages"}],"about":[{"href":"https:\/\/monitor-electronico.com\/index.php\/wp-json\/wp\/v2\/types\/page"}],"author":[{"embeddable":true,"href":"https:\/\/monitor-electronico.com\/index.php\/wp-json\/wp\/v2\/users\/1"}],"replies":[{"embeddable":true,"href":"https:\/\/monitor-electronico.com\/index.php\/wp-json\/wp\/v2\/comments?post=178"}],"version-history":[{"count":3,"href":"https:\/\/monitor-electronico.com\/index.php\/wp-json\/wp\/v2\/pages\/178\/revisions"}],"predecessor-version":[{"id":275,"href":"https:\/\/monitor-electronico.com\/index.php\/wp-json\/wp\/v2\/pages\/178\/revisions\/275"}],"wp:featuredmedia":[{"embeddable":true,"href":"https:\/\/monitor-electronico.com\/index.php\/wp-json\/wp\/v2\/media\/116"}],"wp:attachment":[{"href":"https:\/\/monitor-electronico.com\/index.php\/wp-json\/wp\/v2\/media?parent=178"}],"curies":[{"name":"wp","href":"https:\/\/api.w.org\/{rel}","templated":true}]}}