{"id":68,"date":"2019-08-15T11:09:09","date_gmt":"2019-08-15T14:09:09","guid":{"rendered":"https:\/\/monitor-electronico.com\/?page_id=68"},"modified":"2019-10-15T17:45:52","modified_gmt":"2019-10-15T20:45:52","slug":"quienes-somos","status":"publish","type":"page","link":"https:\/\/monitor-electronico.com\/index.php\/quienes-somos\/","title":{"rendered":"Quienes somos"},"content":{"rendered":"\n<p style=\"text-align:center\" class=\"has-medium-font-size\"> Somos una empresa de seguridad privada especializada en la prevenci\u00f3n, vigilancia privada, protecci\u00f3n de bienes y establecimientos.<\/p>\n\n\n\n<ul class=\"wp-block-gallery columns-3 is-cropped wp-block-gallery-1 is-layout-flex wp-block-gallery-is-layout-flex\"><li class=\"blocks-gallery-item\"><figure><img loading=\"lazy\" decoding=\"async\" width=\"1024\" height=\"683\" src=\"https:\/\/monitor-electronico.com\/wp-content\/uploads\/2019\/08\/IMG_1269-1024x683.jpg\" alt=\"\" data-id=\"303\" data-link=\"https:\/\/monitor-electronico.com\/index.php\/monitoreo\/img_1269\/#main\" class=\"wp-image-303\" srcset=\"https:\/\/monitor-electronico.com\/wp-content\/uploads\/2019\/08\/IMG_1269-1024x683.jpg 1024w, https:\/\/monitor-electronico.com\/wp-content\/uploads\/2019\/08\/IMG_1269-300x200.jpg 300w, https:\/\/monitor-electronico.com\/wp-content\/uploads\/2019\/08\/IMG_1269-768x512.jpg 768w\" sizes=\"auto, (max-width: 1024px) 100vw, 1024px\" \/><\/figure><\/li><li class=\"blocks-gallery-item\"><figure><img loading=\"lazy\" decoding=\"async\" width=\"1024\" height=\"683\" src=\"https:\/\/monitor-electronico.com\/wp-content\/uploads\/2019\/08\/IMG_1256-2-1024x683.jpg\" alt=\"\" data-id=\"293\" data-link=\"https:\/\/monitor-electronico.com\/index.php\/monitoreo\/img_1256-2\/#main\" class=\"wp-image-293\" srcset=\"https:\/\/monitor-electronico.com\/wp-content\/uploads\/2019\/08\/IMG_1256-2-1024x683.jpg 1024w, https:\/\/monitor-electronico.com\/wp-content\/uploads\/2019\/08\/IMG_1256-2-300x200.jpg 300w, https:\/\/monitor-electronico.com\/wp-content\/uploads\/2019\/08\/IMG_1256-2-768x512.jpg 768w\" sizes=\"auto, (max-width: 1024px) 100vw, 1024px\" \/><\/figure><\/li><li class=\"blocks-gallery-item\"><figure><img loading=\"lazy\" decoding=\"async\" width=\"1024\" height=\"683\" src=\"https:\/\/monitor-electronico.com\/wp-content\/uploads\/2019\/08\/IMG_1271-1024x683.jpg\" alt=\"\" data-id=\"239\" data-link=\"https:\/\/monitor-electronico.com\/index.php\/vigilancia-las-24hs\/img_1271\/#main\" class=\"wp-image-239\" srcset=\"https:\/\/monitor-electronico.com\/wp-content\/uploads\/2019\/08\/IMG_1271-1024x683.jpg 1024w, https:\/\/monitor-electronico.com\/wp-content\/uploads\/2019\/08\/IMG_1271-300x200.jpg 300w, https:\/\/monitor-electronico.com\/wp-content\/uploads\/2019\/08\/IMG_1271-768x512.jpg 768w\" sizes=\"auto, (max-width: 1024px) 100vw, 1024px\" \/><\/figure><\/li><li class=\"blocks-gallery-item\"><figure><img loading=\"lazy\" decoding=\"async\" width=\"1024\" height=\"683\" src=\"https:\/\/monitor-electronico.com\/wp-content\/uploads\/2019\/08\/IMG_1241-1024x683.jpg\" alt=\"\" data-id=\"205\" data-link=\"https:\/\/monitor-electronico.com\/index.php\/atencion-al-cliente\/img_1241\/#main\" class=\"wp-image-205\" srcset=\"https:\/\/monitor-electronico.com\/wp-content\/uploads\/2019\/08\/IMG_1241-1024x683.jpg 1024w, https:\/\/monitor-electronico.com\/wp-content\/uploads\/2019\/08\/IMG_1241-300x200.jpg 300w, https:\/\/monitor-electronico.com\/wp-content\/uploads\/2019\/08\/IMG_1241-768x512.jpg 768w\" sizes=\"auto, (max-width: 1024px) 100vw, 1024px\" \/><\/figure><\/li><li class=\"blocks-gallery-item\"><figure><img loading=\"lazy\" decoding=\"async\" width=\"1024\" height=\"683\" src=\"https:\/\/monitor-electronico.com\/wp-content\/uploads\/2019\/08\/IMG_1257B-1-1024x683.jpg\" alt=\"\" data-id=\"225\" data-link=\"https:\/\/monitor-electronico.com\/index.php\/servicios-de-seguridad\/img_1257b-2\/#main\" class=\"wp-image-225\" srcset=\"https:\/\/monitor-electronico.com\/wp-content\/uploads\/2019\/08\/IMG_1257B-1-1024x683.jpg 1024w, https:\/\/monitor-electronico.com\/wp-content\/uploads\/2019\/08\/IMG_1257B-1-300x200.jpg 300w, https:\/\/monitor-electronico.com\/wp-content\/uploads\/2019\/08\/IMG_1257B-1-768x512.jpg 768w\" sizes=\"auto, (max-width: 1024px) 100vw, 1024px\" \/><\/figure><\/li><li class=\"blocks-gallery-item\"><figure><img loading=\"lazy\" decoding=\"async\" width=\"1024\" height=\"683\" src=\"https:\/\/monitor-electronico.com\/wp-content\/uploads\/2019\/08\/IMG_1234-1024x683.jpg\" alt=\"\" data-id=\"185\" data-link=\"https:\/\/monitor-electronico.com\/index.php\/servicios-de-seguridad\/img_1234\/#main\" class=\"wp-image-185\" srcset=\"https:\/\/monitor-electronico.com\/wp-content\/uploads\/2019\/08\/IMG_1234-1024x683.jpg 1024w, https:\/\/monitor-electronico.com\/wp-content\/uploads\/2019\/08\/IMG_1234-300x200.jpg 300w, https:\/\/monitor-electronico.com\/wp-content\/uploads\/2019\/08\/IMG_1234-768x512.jpg 768w\" sizes=\"auto, (max-width: 1024px) 100vw, 1024px\" \/><\/figure><\/li><\/ul>\n\n\n\n<div style=\"height:20px\" aria-hidden=\"true\" class=\"wp-block-spacer\"><\/div>\n\n\n\n<p style=\"font-size:24px;text-align:center\">Contamos con tecnolog\u00eda de vanguardia y personal especializado para cuidar lo que mas le importa.<\/p>\n\n\n\n<div style=\"height:60px\" aria-hidden=\"true\" class=\"wp-block-spacer\"><\/div>\n\n\n\n<ul class=\"wp-block-gallery columns-3 is-cropped wp-block-gallery-2 is-layout-flex wp-block-gallery-is-layout-flex\"><li class=\"blocks-gallery-item\"><figure><img loading=\"lazy\" decoding=\"async\" width=\"1024\" height=\"683\" src=\"https:\/\/monitor-electronico.com\/wp-content\/uploads\/2019\/08\/IMG_1230-1024x683.jpg\" alt=\"\" data-id=\"210\" data-link=\"https:\/\/monitor-electronico.com\/index.php\/placa-disuasiva\/img_1230\/#main\" class=\"wp-image-210\" srcset=\"https:\/\/monitor-electronico.com\/wp-content\/uploads\/2019\/08\/IMG_1230-1024x683.jpg 1024w, https:\/\/monitor-electronico.com\/wp-content\/uploads\/2019\/08\/IMG_1230-300x200.jpg 300w, https:\/\/monitor-electronico.com\/wp-content\/uploads\/2019\/08\/IMG_1230-768x512.jpg 768w\" sizes=\"auto, (max-width: 1024px) 100vw, 1024px\" \/><\/figure><\/li><li class=\"blocks-gallery-item\"><figure><img loading=\"lazy\" decoding=\"async\" width=\"1024\" height=\"683\" src=\"https:\/\/monitor-electronico.com\/wp-content\/uploads\/2019\/08\/IMG_1298-1024x683.jpg\" alt=\"\" data-id=\"214\" data-link=\"https:\/\/monitor-electronico.com\/index.php\/placa-disuasiva\/img_1298\/#main\" class=\"wp-image-214\" srcset=\"https:\/\/monitor-electronico.com\/wp-content\/uploads\/2019\/08\/IMG_1298-1024x683.jpg 1024w, https:\/\/monitor-electronico.com\/wp-content\/uploads\/2019\/08\/IMG_1298-300x200.jpg 300w, https:\/\/monitor-electronico.com\/wp-content\/uploads\/2019\/08\/IMG_1298-768x512.jpg 768w\" sizes=\"auto, (max-width: 1024px) 100vw, 1024px\" \/><\/figure><\/li><li class=\"blocks-gallery-item\"><figure><img loading=\"lazy\" decoding=\"async\" width=\"1024\" height=\"683\" src=\"https:\/\/monitor-electronico.com\/wp-content\/uploads\/2019\/08\/IMG_1251-1024x683.jpg\" alt=\"\" data-id=\"186\" data-link=\"https:\/\/monitor-electronico.com\/index.php\/servicios-de-seguridad\/img_1251\/#main\" class=\"wp-image-186\" srcset=\"https:\/\/monitor-electronico.com\/wp-content\/uploads\/2019\/08\/IMG_1251-1024x683.jpg 1024w, https:\/\/monitor-electronico.com\/wp-content\/uploads\/2019\/08\/IMG_1251-300x200.jpg 300w, https:\/\/monitor-electronico.com\/wp-content\/uploads\/2019\/08\/IMG_1251-768x512.jpg 768w\" sizes=\"auto, (max-width: 1024px) 100vw, 1024px\" \/><\/figure><\/li><\/ul>\n\n\n\n<p style=\"font-size:26px;text-align:center\">Trabajamos las 24 horas, los 365 d\u00edas del a\u00f1o para protegerlo.<\/p>\n\n\n\n<ul class=\"wp-block-list\"><li>Monitoreo de alarmas.<\/li><li>Sensores.<\/li><li>Camaras.<\/li><li>Vigilancia permanente.<\/li><li>Guardias de seguridad.<\/li><li>Personal capacitado.<\/li><li>Respuesta inmediata<\/li><\/ul>\n\n\n\n<p style=\"font-size:28px;text-align:center\">Con <strong>Monitor &#8211; Vigilancia Electr\u00f3nica<\/strong> usted est\u00e1 tranquilo<\/p>\n\n\n\n<div style=\"height:60px\" aria-hidden=\"true\" class=\"wp-block-spacer\"><\/div>\n\n\n\n<p style=\"font-size:29px;text-align:center\">\u00bfTenes dudas? Escribinos y a la brevedad nos comunicamos con vos<\/p>\n\n\n\n<div class=\"wpcf7 no-js\" id=\"wpcf7-f212-o1\" lang=\"es-AR\" dir=\"ltr\" data-wpcf7-id=\"212\">\n<div class=\"screen-reader-response\"><p role=\"status\" aria-live=\"polite\" aria-atomic=\"true\"><\/p> <ul><\/ul><\/div>\n<form action=\"\/index.php\/wp-json\/wp\/v2\/pages\/68#wpcf7-f212-o1\" method=\"post\" class=\"wpcf7-form init\" aria-label=\"Formulario de contacto\" novalidate=\"novalidate\" data-status=\"init\">\n<fieldset class=\"hidden-fields-container\"><input type=\"hidden\" name=\"_wpcf7\" value=\"212\" \/><input type=\"hidden\" name=\"_wpcf7_version\" value=\"6.1.2\" \/><input type=\"hidden\" name=\"_wpcf7_locale\" value=\"es_AR\" \/><input type=\"hidden\" name=\"_wpcf7_unit_tag\" value=\"wpcf7-f212-o1\" \/><input type=\"hidden\" name=\"_wpcf7_container_post\" value=\"0\" \/><input type=\"hidden\" name=\"_wpcf7_posted_data_hash\" value=\"\" \/>\n<\/fieldset>\n<p><label> Nombre y apellido (obligatorio)<br \/>\n<span class=\"wpcf7-form-control-wrap\" data-name=\"your-name\"><input size=\"40\" maxlength=\"400\" class=\"wpcf7-form-control wpcf7-text wpcf7-validates-as-required\" aria-required=\"true\" aria-invalid=\"false\" value=\"\" type=\"text\" name=\"your-name\" \/><\/span> <\/label>\n<\/p>\n<p><label> Numero de telefono<br \/>\n<span class=\"wpcf7-form-control-wrap\" data-name=\"number-141\"><input class=\"wpcf7-form-control wpcf7-number wpcf7-validates-as-required wpcf7-validates-as-number\" aria-required=\"true\" aria-invalid=\"false\" value=\"\" type=\"number\" name=\"number-141\" \/><\/span> <\/label>\n<\/p>\n<p><label> Correo electr\u00f3nico<br \/>\n<span class=\"wpcf7-form-control-wrap\" data-name=\"email-556\"><input size=\"40\" maxlength=\"400\" class=\"wpcf7-form-control wpcf7-email wpcf7-text wpcf7-validates-as-email\" aria-invalid=\"false\" value=\"\" type=\"email\" name=\"email-556\" \/><\/span> <\/label>\n<\/p>\n<p> Tipo de propiedad que desea proteger <span class=\"wpcf7-form-control-wrap\" data-name=\"radio-38\"><span class=\"wpcf7-form-control wpcf7-radio\"><span class=\"wpcf7-list-item first\"><input type=\"radio\" name=\"radio-38\" value=\"Casa familiar\" checked=\"checked\" \/><span class=\"wpcf7-list-item-label\">Casa familiar<\/span><\/span><span class=\"wpcf7-list-item\"><input type=\"radio\" name=\"radio-38\" value=\"Casa de descanso\" \/><span class=\"wpcf7-list-item-label\">Casa de descanso<\/span><\/span><span class=\"wpcf7-list-item\"><input type=\"radio\" name=\"radio-38\" value=\"Negocio\" \/><span class=\"wpcf7-list-item-label\">Negocio<\/span><\/span><span class=\"wpcf7-list-item last\"><input type=\"radio\" name=\"radio-38\" value=\"Todos\" \/><span class=\"wpcf7-list-item-label\">Todos<\/span><\/span><\/span><\/span>\n<\/p>\n<p><input class=\"wpcf7-form-control wpcf7-submit has-spinner\" type=\"submit\" value=\"Enviar\" \/>\n<\/p><p style=\"display: none !important;\" class=\"akismet-fields-container\" data-prefix=\"_wpcf7_ak_\"><label>&#916;<textarea name=\"_wpcf7_ak_hp_textarea\" cols=\"45\" rows=\"8\" maxlength=\"100\"><\/textarea><\/label><input type=\"hidden\" id=\"ak_js_1\" name=\"_wpcf7_ak_js\" value=\"76\"\/><script>document.getElementById( \"ak_js_1\" ).setAttribute( \"value\", ( new Date() ).getTime() );<\/script><\/p><div class=\"wpcf7-response-output\" aria-hidden=\"true\"><\/div>\n<\/form>\n<\/div>\n\n","protected":false},"excerpt":{"rendered":"<p>Somos una empresa de seguridad privada especializada en la prevenci\u00f3n, vigilancia privada, protecci\u00f3n de bienes y establecimientos. Contamos con tecnolog\u00eda de [&hellip;]<\/p>\n","protected":false},"author":1,"featured_media":76,"parent":0,"menu_order":0,"comment_status":"closed","ping_status":"closed","template":"template-fullwide.php","meta":{"footnotes":""},"class_list":["post-68","page","type-page","status-publish","has-post-thumbnail","hentry"],"_hostinger_reach_plugin_has_subscription_block":false,"_hostinger_reach_plugin_is_elementor":false,"_links":{"self":[{"href":"https:\/\/monitor-electronico.com\/index.php\/wp-json\/wp\/v2\/pages\/68","targetHints":{"allow":["GET"]}}],"collection":[{"href":"https:\/\/monitor-electronico.com\/index.php\/wp-json\/wp\/v2\/pages"}],"about":[{"href":"https:\/\/monitor-electronico.com\/index.php\/wp-json\/wp\/v2\/types\/page"}],"author":[{"embeddable":true,"href":"https:\/\/monitor-electronico.com\/index.php\/wp-json\/wp\/v2\/users\/1"}],"replies":[{"embeddable":true,"href":"https:\/\/monitor-electronico.com\/index.php\/wp-json\/wp\/v2\/comments?post=68"}],"version-history":[{"count":14,"href":"https:\/\/monitor-electronico.com\/index.php\/wp-json\/wp\/v2\/pages\/68\/revisions"}],"predecessor-version":[{"id":370,"href":"https:\/\/monitor-electronico.com\/index.php\/wp-json\/wp\/v2\/pages\/68\/revisions\/370"}],"wp:featuredmedia":[{"embeddable":true,"href":"https:\/\/monitor-electronico.com\/index.php\/wp-json\/wp\/v2\/media\/76"}],"wp:attachment":[{"href":"https:\/\/monitor-electronico.com\/index.php\/wp-json\/wp\/v2\/media?parent=68"}],"curies":[{"name":"wp","href":"https:\/\/api.w.org\/{rel}","templated":true}]}}